{"id":87,"date":"2020-12-02T20:17:40","date_gmt":"2020-12-02T20:17:40","guid":{"rendered":"http:\/\/sinapsislapampa.com\/?page_id=87"},"modified":"2021-06-17T22:55:04","modified_gmt":"2021-06-17T22:55:04","slug":"kinesiologia","status":"publish","type":"page","link":"http:\/\/sinapsislapampa.com\/index.php\/especialidades\/kinesiologia\/","title":{"rendered":"Kinesiologia"},"content":{"rendered":"\n  <div id=\"page-header-1252133590\" class=\"page-header-wrapper\">\n  <div class=\"page-title dark featured-title\">\n\n        <div class=\"page-title-bg\">\n      <div class=\"title-bg fill bg-fill\"\n        data-parallax-container=\".page-title\"\n        data-parallax-background\n        data-parallax=\"-\">\n      <\/div>\n      <div class=\"title-overlay fill\"><\/div>\n    <\/div>\n    \n    <div class=\"page-title-inner container align-center text-center flex-row-col medium-flex-wrap\" >\n              <div class=\"title-wrapper is-large flex-col\">\n          <h1 class=\"entry-title mb-0\">\n            KINESIOLOGIA          <\/h1>\n        <\/div>\n                    <div class=\"title-content flex-col\">\n        <div class=\"title-breadcrumbs pb-half pt-half\"><\/div>      <\/div>\n    <\/div>\n\n     \n<style>\n#page-header-1252133590 .page-title-inner {\n  min-height: 250px;\n}\n#page-header-1252133590 .title-bg {\n  background-image: url(http:\/\/sinapsislapampa.com\/wp-content\/uploads\/2020\/12\/sesion_kinesiologia.jpg);\n  background-position: 55% 48%;\n}\n<\/style>\n  <\/div>\n    <\/div>\n  \n\n\t<section class=\"section\" id=\"section_1725393830\">\n\t\t<div class=\"bg section-bg fill bg-fill  bg-loaded\" >\n\n\t\t\t\n\t\t\t\n\t\t\t\n\n\t\t<\/div>\n\n\t\t<div class=\"section-content relative\">\n\t\t\t\n\n<div class=\"row\"  id=\"row-131071035\">\n\n\n\t<div id=\"col-1487301896\" class=\"col small-12 large-12\"  >\n\t\t<div class=\"col-inner\"  >\n\t\t\t\n\t\t\t\n\n<div class=\"container section-title-container\" ><h3 class=\"section-title section-title-center\"><b><\/b><span class=\"section-title-main\" >Area de kinesiolog\u00eda de la la fundaci\u00f3n sinapsis<\/span><b><\/b><\/h3><\/div>\n\n<p><span style=\"font-size: 120%;\">Somos un equipo de Profesionales abocados a la Rehabilitaci\u00f3n Integral del paciente adulto con condiciones neurol\u00f3gicas . A\u00f1os de experiencia y capacitados en distintas Metodolog\u00edas de trabajo con Bases en las Neurociencias.<\/span><\/p>\n<div class=\"row\"  id=\"row-1033082695\">\n\n\n\t<div id=\"col-556070755\" class=\"col medium-6 small-12 large-6\"  >\n\t\t<div class=\"col-inner\"  >\n\t\t\t\n\t\t\t\n\n<p><span style=\"font-size: 120%;\">Se abordan distintas patolog\u00edas de origen neurologico :<\/span><\/p>\n<ul>\n<li><span style=\"font-size: 120%;\">ACV <\/span><\/li>\n<li><span style=\"font-size: 120%;\">TCE<\/span><\/li>\n<li><span style=\"font-size: 120%;\">Lesiones medulares <\/span><\/li>\n<li><span style=\"font-size: 120%;\">Enfermedades Degenerativas , Desmielinizantes , Neuromusculares <\/span><\/li>\n<li><span style=\"font-size: 120%;\">Lesiones Nerviosas Perif\u00e9ricas <\/span><\/li>\n<li><span style=\"font-size: 120%;\">Cefaleas Tensionales<\/span><\/li>\n<\/ul>\n<div class=\"notranslate\" style=\"all: initial;\">\u00a0<\/div>\n<div class=\"notranslate\" style=\"all: initial;\">\u00a0<\/div>\n\n\t\t<\/div>\n\t\t\t<\/div>\n\n\t\n\n\t<div id=\"col-1209140533\" class=\"col medium-6 small-12 large-6\"  >\n\t\t<div class=\"col-inner\"  >\n\t\t\t\n\t\t\t\n\n\t<div class=\"img has-hover x md-x lg-x y md-y lg-y\" id=\"image_1482512720\">\n\t\t\t\t\t\t\t\t<div class=\"img-inner image-cover dark\" style=\"padding-top:284px;\">\n\t\t\t<img loading=\"lazy\" decoding=\"async\" width=\"389\" height=\"129\" src=\"http:\/\/sinapsislapampa.com\/wp-content\/uploads\/2020\/12\/KINESEOLOGIA-FOTO.jpg\" class=\"attachment-large size-large\" alt=\"\" srcset=\"http:\/\/sinapsislapampa.com\/wp-content\/uploads\/2020\/12\/KINESEOLOGIA-FOTO.jpg 389w, http:\/\/sinapsislapampa.com\/wp-content\/uploads\/2020\/12\/KINESEOLOGIA-FOTO-300x99.jpg 300w\" sizes=\"auto, (max-width: 389px) 100vw, 389px\" \/>\t\t\t\t\t\t\n\t\t\t\t\t<\/div>\n\t\t\t\t\t\t\t\t\n<style>\n#image_1482512720 {\n  width: 100%;\n}\n<\/style>\n\t<\/div>\n\t\n\n\n\t\t<\/div>\n\t\t\t<\/div>\n\n\t\n\n<\/div>\n<div class=\"row\"  id=\"row-1686884239\">\n\n\n\t<div id=\"col-434070004\" class=\"col medium-6 small-12 large-6\"  >\n\t\t<div class=\"col-inner\"  >\n\t\t\t\n\t\t\t\n\n\n\t\t<\/div>\n\t\t\t<\/div>\n\n\t\n\n\t<div id=\"col-1585134973\" class=\"col medium-6 small-12 large-6\"  >\n\t\t<div class=\"col-inner\"  >\n\t\t\t\n\t\t\t\n\n<p style=\"text-align: right;\"><span style=\"font-size: 120%;\">Se realizan Evaluaciones estandarizadas que permiten una planificaci\u00f3n individualizada del Programa de Rehabilitaci\u00f3n.<\/span><\/p>\n<h6 style=\"text-align: right;\"><strong><span style=\"font-size: 120%;\">Concepto Bobath<\/span><\/strong><\/h6>\n<h6 style=\"text-align: right;\"><strong><span style=\"font-size: 120%;\">Rehabilitaci\u00f3n Vestibular<\/span><\/strong><\/h6>\n<h6 style=\"text-align: right;\"><strong><span style=\"font-size: 120%;\">Reeducaci\u00f3n Postural Global <\/span><\/strong><\/h6>\n<h6 style=\"text-align: right;\"><strong><span style=\"font-size: 120%;\">Osteopatia<\/span><\/strong><\/h6>\n<h6 style=\"text-align: right;\"><strong><span style=\"font-size: 120%;\">M\u00e9todo Therapy Taping <\/span><\/strong><\/h6>\n<h6 style=\"text-align: right;\"><strong><span style=\"font-size: 120%;\">M\u00e9todo Perfetti.<\/span><\/strong><\/h6>\n<h6 style=\"text-align: right;\"><span style=\"font-size: 120%;\">Patrones Funcionales ( FP)<\/span><\/h6>\n\n\t\t<\/div>\n\t\t\t<\/div>\n\n\t\n\n<\/div>\n<div class=\"row\"  id=\"row-816509198\">\n\n\n\t<div id=\"col-47672488\" class=\"col small-12 large-12\"  >\n\t\t<div class=\"col-inner\"  >\n\t\t\t\n\t\t\t\n\n<p><strong>Este Programa se desarrolla a trav\u00e9s de un abordaje Integral,&nbsp; interdisciplinario e involucra al paciente durante el&nbsp; periodo agudo en internaci\u00f3n, atenci\u00f3n domiciliaria y\/o ambulatoria en nuestro Centro.<\/strong><\/p>\n<p><strong>Alteraciones en la Postura<\/strong><\/p>\n<h3><strong>Como trabajamos:<\/strong><\/h3>\n<p><span style=\"font-size: 120%;\">&nbsp;En el \u00e1rea de kinesiolog\u00eda nos enfocamos en potenciar las capacidades m\u00e1ximas de cada paciente ,utilizando el Movimiento en todas sus formas como principal herramienta.<\/span><\/p>\n<ul>\n<li><span style=\"font-size: 120%;\">Regulaci\u00f3n del Tono Postural<\/span><\/li>\n<li><span style=\"font-size: 120%;\">Potenciaci\u00f3n muscular<\/span><\/li>\n<li><span style=\"font-size: 120%;\">Liberaci\u00f3n miofacial y movilidad articular<\/span><\/li>\n<li><span style=\"font-size: 120%;\">Disminuci\u00f3n del dolor<\/span><\/li>\n<li><span style=\"font-size: 120%;\">Trabajo del equilibrio y la coordinaci\u00f3n del movimiento<\/span><\/li>\n<li><span style=\"font-size: 120%;\">Reeducaci\u00f3n de la marcha.<\/span><\/li>\n<li><span style=\"font-size: 120%;\">Entrenamiento de ayudas externas para la marcha<\/span><\/li>\n<li><span style=\"font-size: 120%;\">Entrenamiento en el manejo de silla de rueda.<\/span><\/li>\n<li><span style=\"font-size: 120%;\">Acompa\u00f1amiento \/orientaci\u00f3n a familiares y cuidadores.<\/span><\/li>\n<\/ul>\n\n\t\t<\/div>\n\t\t\t<\/div>\n\n\t\n\n<\/div>\n\n\t\t<\/div>\n\t\t\t<\/div>\n\n\t\n\n<\/div>\n\n\t\t<\/div>\n\n\t\t\n<style>\n#section_1725393830 {\n  padding-top: 20px;\n  padding-bottom: 20px;\n}\n<\/style>\n\t<\/section>\n\t\n\t<section class=\"section\" id=\"section_394842730\">\n\t\t<div class=\"bg section-bg fill bg-fill  bg-loaded\" >\n\n\t\t\t\n\t\t\t\n\t\t\t\n\n\t\t<\/div>\n\n\t\t<div class=\"section-content relative\">\n\t\t\t\n\n<div class=\"container section-title-container\" ><h3 class=\"section-title section-title-center\"><b><\/b><span class=\"section-title-main\" >NUESTROS PROFESIONALES<\/span><b><\/b><\/h3><\/div>\n\n<div class=\"row\"  id=\"row-1184216570\">\n\n\n\t<div id=\"col-175132667\" class=\"col medium-3 small-12 large-3\"  >\n\t\t<div class=\"col-inner\"  >\n\t\t\t\n\t\t\t\n\n    <div class=\"box has-hover has-hover box-text-bottom\" >\n\n                  <div class=\"box-image \" style=\"width:80%;\">\n           <div class=\"box-image-inner image-cover\" style=\"border-radius:100%;padding-top:100%;\">\n              <img decoding=\"async\" src=\"http:\/\/sinapsislapampa.com\/wp-content\/themes\/flatsome-2\/assets\/img\/missing.jpg\" \/>                         <\/div>\n          <\/div>\n         \n          <div class=\"box-text text-center\" >\n                <div class=\"box-text-inner\">\n                  <h4 class=\"uppercase\">\n                    <span class=\"person-name\">ACRICH DAVID<\/span><br\/>\n                    <span class=\"person-title is-small thin-font op-7\">\n                      MP 2876                    <\/span>\n                  <\/h4>\n                 <div class=\"social-icons follow-icons\" ><a href=\"mailto:davidcba19@hotmail.com\" data-label=\"E-mail\"  rel=\"nofollow\" class=\"icon primary button circle  email tooltip\" title=\"Env\u00edanos un email\"><i class=\"icon-envelop\" ><\/i><\/a><\/div>                 \n\n\n                <\/div>\n          <\/div>\n    <\/div>\n\n    \n    \n\n\t\t<\/div>\n\t\t\t<\/div>\n\n\t\n\n\t<div id=\"col-1157954605\" class=\"col medium-3 small-12 large-3\"  >\n\t\t<div class=\"col-inner\"  >\n\t\t\t\n\t\t\t\n\n    <div class=\"box has-hover has-hover box-text-bottom\" >\n\n                  <div class=\"box-image \" style=\"width:80%;\">\n           <div class=\"box-image-inner image-cover\" style=\"border-radius:100%;padding-top:100%;\">\n              <img decoding=\"async\" src=\"http:\/\/sinapsislapampa.com\/wp-content\/themes\/flatsome-2\/assets\/img\/missing.jpg\" \/>                         <\/div>\n          <\/div>\n         \n          <div class=\"box-text text-center\" >\n                <div class=\"box-text-inner\">\n                  <h4 class=\"uppercase\">\n                    <span class=\"person-name\">COGORNO NATALIA<\/span><br\/>\n                    <span class=\"person-title is-small thin-font op-7\">\n                      MP 2896                    <\/span>\n                  <\/h4>\n                 <div class=\"social-icons follow-icons\" ><a href=\"mailto:tali_cogorno@hotmail.com\" data-label=\"E-mail\"  rel=\"nofollow\" class=\"icon primary button circle  email tooltip\" title=\"Env\u00edanos un email\"><i class=\"icon-envelop\" ><\/i><\/a><\/div>                 \n\n\n                <\/div>\n          <\/div>\n    <\/div>\n\n    \n    \n\n\t\t<\/div>\n\t\t\t<\/div>\n\n\t\n\n\t<div id=\"col-813613181\" class=\"col medium-3 small-12 large-3\"  >\n\t\t<div class=\"col-inner\"  >\n\t\t\t\n\t\t\t\n\n    <div class=\"box has-hover has-hover box-text-bottom\" >\n\n                  <div class=\"box-image \" style=\"width:80%;\">\n           <div class=\"box-image-inner image-cover\" style=\"border-radius:100%;padding-top:100%;\">\n              <img decoding=\"async\" src=\"http:\/\/sinapsislapampa.com\/wp-content\/themes\/flatsome-2\/assets\/img\/missing.jpg\" \/>                         <\/div>\n          <\/div>\n         \n          <div class=\"box-text text-center\" >\n                <div class=\"box-text-inner\">\n                  <h4 class=\"uppercase\">\n                    <span class=\"person-name\">Gil Juan Pablo<\/span><br\/>\n                    <span class=\"person-title is-small thin-font op-7\">\n                      MP 2814                    <\/span>\n                  <\/h4>\n                 <div class=\"social-icons follow-icons\" ><a href=\"mailto:juanes192@hotmail.com\" data-label=\"E-mail\"  rel=\"nofollow\" class=\"icon primary button circle  email tooltip\" title=\"Env\u00edanos un email\"><i class=\"icon-envelop\" ><\/i><\/a><\/div>                 \n\n\n                <\/div>\n          <\/div>\n    <\/div>\n\n    \n    \n\n\t\t<\/div>\n\t\t\t<\/div>\n\n\t\n\n\t<div id=\"col-570173828\" class=\"col medium-3 small-12 large-3\"  >\n\t\t<div class=\"col-inner\"  >\n\t\t\t\n\t\t\t\n\n    <div class=\"box has-hover has-hover box-text-bottom\" >\n\n                  <div class=\"box-image \" style=\"width:80%;\">\n           <div class=\"box-image-inner image-cover\" style=\"border-radius:100%;padding-top:100%;\">\n              <img decoding=\"async\" src=\"http:\/\/sinapsislapampa.com\/wp-content\/themes\/flatsome-2\/assets\/img\/missing.jpg\" \/>                         <\/div>\n          <\/div>\n         \n          <div class=\"box-text text-center\" >\n                <div class=\"box-text-inner\">\n                  <h4 class=\"uppercase\">\n                    <span class=\"person-name\">Jozami Mariano<\/span><br\/>\n                    <span class=\"person-title is-small thin-font op-7\">\n                      MP 2826                    <\/span>\n                  <\/h4>\n                 <div class=\"social-icons follow-icons\" ><a href=\"mailto:licmarianoajozami@hotmail.com.ar\" data-label=\"E-mail\"  rel=\"nofollow\" class=\"icon primary button circle  email tooltip\" title=\"Env\u00edanos un email\"><i class=\"icon-envelop\" ><\/i><\/a><\/div>                 \n\n\n                <\/div>\n          <\/div>\n    <\/div>\n\n    \n    \n\n\t\t<\/div>\n\t\t\t<\/div>\n\n\t\n\n\t<div id=\"col-2033947784\" class=\"col medium-3 small-12 large-3\"  >\n\t\t<div class=\"col-inner\"  >\n\t\t\t\n\t\t\t\n\n    <div class=\"box has-hover has-hover box-push box-text-bottom\" >\n\n                  <div class=\"box-image \" style=\"width:80%;\">\n           <div class=\"box-image-inner image-cover\" style=\"border-radius:100%;padding-top:100%;\">\n              <img decoding=\"async\" src=\"http:\/\/sinapsislapampa.com\/wp-content\/themes\/flatsome-2\/assets\/img\/missing.jpg\" \/>                         <\/div>\n          <\/div>\n         \n          <div class=\"box-text text-center\" >\n                <div class=\"box-text-inner\">\n                  <h4 class=\"uppercase\">\n                    <span class=\"person-name\">Giai \u00c1lvaro<\/span><br\/>\n                    <span class=\"person-title is-small thin-font op-7\">\n                      MP 2860                    <\/span>\n                  <\/h4>\n                 <div class=\"social-icons follow-icons\" ><a href=\"mailto:alvarogiai@hotmail.com\" data-label=\"E-mail\"  rel=\"nofollow\" class=\"icon primary button circle  email tooltip\" title=\"Env\u00edanos un email\"><i class=\"icon-envelop\" ><\/i><\/a><\/div>                 \n\n<a rel=\"tel:02954245111\" href=\"tel:02954245111\" target=\"_self\" class=\"button primary is-outline\"  >\n    <span>PEDIR TURNO<\/span>\n  <\/a>\n\n\n\n                <\/div>\n          <\/div>\n    <\/div>\n\n    \n    \n\n\t\t<\/div>\n\t\t\t<\/div>\n\n\t\n\n\t<div id=\"col-1550799238\" class=\"col medium-3 small-12 large-3\"  >\n\t\t<div class=\"col-inner\"  >\n\t\t\t\n\t\t\t\n\n    <div class=\"box has-hover has-hover box-push box-text-bottom\" >\n\n                  <div class=\"box-image \" style=\"width:80%;\">\n           <div class=\"box-image-inner image-cover\" style=\"border-radius:100%;padding-top:100%;\">\n              <img decoding=\"async\" src=\"http:\/\/sinapsislapampa.com\/wp-content\/themes\/flatsome-2\/assets\/img\/missing.jpg\" \/>                         <\/div>\n          <\/div>\n         \n          <div class=\"box-text text-center\" >\n                <div class=\"box-text-inner\">\n                  <h4 class=\"uppercase\">\n                    <span class=\"person-name\">Soporki Sergio<\/span><br\/>\n                    <span class=\"person-title is-small thin-font op-7\">\n                      MP 2971                    <\/span>\n                  <\/h4>\n                 <div class=\"social-icons follow-icons\" ><a href=\"mailto:sergiosoporki@gmail.com\" data-label=\"E-mail\"  rel=\"nofollow\" class=\"icon primary button circle  email tooltip\" title=\"Env\u00edanos un email\"><i class=\"icon-envelop\" ><\/i><\/a><\/div>                 \n\n\n                <\/div>\n          <\/div>\n    <\/div>\n\n    \n    \n\n\t\t<\/div>\n\t\t\t<\/div>\n\n\t\n\n\t<div id=\"col-1156358465\" class=\"col medium-3 small-12 large-3\"  >\n\t\t<div class=\"col-inner\"  >\n\t\t\t\n\t\t\t\n\n    <div class=\"box has-hover has-hover box-push box-text-bottom\" >\n\n                  <div class=\"box-image \" style=\"width:80%;\">\n           <div class=\"box-image-inner image-cover\" style=\"border-radius:100%;padding-top:100%;\">\n              <img decoding=\"async\" src=\"http:\/\/sinapsislapampa.com\/wp-content\/themes\/flatsome-2\/assets\/img\/missing.jpg\" \/>                         <\/div>\n          <\/div>\n         \n          <div class=\"box-text text-center\" >\n                <div class=\"box-text-inner\">\n                  <h4 class=\"uppercase\">\n                    <span class=\"person-name\">Minardi Antonio<\/span><br\/>\n                    <span class=\"person-title is-small thin-font op-7\">\n                      MP 2662                    <\/span>\n                  <\/h4>\n                 <div class=\"social-icons follow-icons\" ><a href=\"mailto:antoniominardi1972@yahoo.com.ar\" data-label=\"E-mail\"  rel=\"nofollow\" class=\"icon primary button circle  email tooltip\" title=\"Env\u00edanos un email\"><i class=\"icon-envelop\" ><\/i><\/a><\/div>                 \n\n<a rel=\"tel:02954245111\" href=\"tel:02954245111\" target=\"_self\" class=\"button primary is-outline\"  >\n    <span>PEDIR TURNO<\/span>\n  <\/a>\n\n\n\n                <\/div>\n          <\/div>\n    <\/div>\n\n    \n    \n\n\t\t<\/div>\n\t\t\t<\/div>\n\n\t\n\n\t<div id=\"col-1009595752\" class=\"col medium-3 small-12 large-3\"  >\n\t\t<div class=\"col-inner\"  >\n\t\t\t\n\t\t\t\n\n    <div class=\"box has-hover has-hover box-push box-text-bottom\" >\n\n                  <div class=\"box-image \" style=\"width:80%;\">\n           <div class=\"box-image-inner image-cover\" style=\"border-radius:100%;padding-top:100%;\">\n              <img decoding=\"async\" src=\"http:\/\/sinapsislapampa.com\/wp-content\/themes\/flatsome-2\/assets\/img\/missing.jpg\" \/>                         <\/div>\n          <\/div>\n         \n          <div class=\"box-text text-center\" >\n                <div class=\"box-text-inner\">\n                  <h4 class=\"uppercase\">\n                    <span class=\"person-name\">Garcia Maximiliano<\/span><br\/>\n                    <span class=\"person-title is-small thin-font op-7\">\n                      MP  2901                    <\/span>\n                  <\/h4>\n                 <div class=\"social-icons follow-icons\" ><a href=\"mailto:maxigarciakine@hotmail.com\" data-label=\"E-mail\"  rel=\"nofollow\" class=\"icon primary button circle  email tooltip\" title=\"Env\u00edanos un email\"><i class=\"icon-envelop\" ><\/i><\/a><\/div>                 \n\n<a rel=\"tel:02954245111\" href=\"tel:02954245111\" target=\"_self\" class=\"button primary is-outline\"  >\n    <span>PEDIR TURNO<\/span>\n  <\/a>\n\n\n\n                <\/div>\n          <\/div>\n    <\/div>\n\n    \n    \n\n\t\t<\/div>\n\t\t\t<\/div>\n\n\t\n\n<\/div>\n\n\t\t<\/div>\n\n\t\t\n<style>\n#section_394842730 {\n  padding-top: 5px;\n  padding-bottom: 5px;\n}\n<\/style>\n\t<\/section>\n\t\n\t<section class=\"section\" id=\"section_1942460177\">\n\t\t<div class=\"bg section-bg fill bg-fill  bg-loaded\" >\n\n\t\t\t\n\t\t\t\n\t\t\t\n\n\t\t<\/div>\n\n\t\t<div class=\"section-content relative\">\n\t\t\t\n\n<div class=\"row\"  id=\"row-1036138952\">\n\n\n\t<div id=\"col-108259999\" class=\"col small-12 large-12\"  >\n\t\t<div class=\"col-inner\"  >\n\t\t\t\n\t\t\t\n\n<div class=\"container section-title-container\" ><h3 class=\"section-title section-title-normal\"><b><\/b><span class=\"section-title-main\" >RESERVE SU TURNO<\/span><b><\/b><\/h3><\/div>\n\n<p>Para poder poder utilizar ConsultorioMOVIL como Paciente tienes que recibir una invitaci\u00f3n de tu M\u00e9dico o su Secretaria.<\/p>\n<p>Por favor solic\u00edtales que <b>ingresen tu mail en la ficha de Paciente <\/b>, y ConsultorioMOVIL te enviar\u00e1 una <b>invitaci\u00f3n <\/b>de manera autom\u00e1tica!<\/p>\n<a class=\"button primary is-outline expand\"  >\n    <span>ACCEDER AL CONSULTORIO MOVIL PARA SACAR SU TURNO<\/span>\n  <\/a>\n\n\n\n\t\t<\/div>\n\t\t\t<\/div>\n\n\t\n\n<\/div>\n\n\t\t<\/div>\n\n\t\t\n<style>\n#section_1942460177 {\n  padding-top: 5px;\n  padding-bottom: 5px;\n}\n<\/style>\n\t<\/section>\n\t\n\n","protected":false},"excerpt":{"rendered":"","protected":false},"author":1,"featured_media":99,"parent":46,"menu_order":0,"comment_status":"closed","ping_status":"closed","template":"page-blank.php","meta":{"footnotes":""},"class_list":["post-87","page","type-page","status-publish","has-post-thumbnail","hentry"],"_links":{"self":[{"href":"http:\/\/sinapsislapampa.com\/index.php\/wp-json\/wp\/v2\/pages\/87","targetHints":{"allow":["GET"]}}],"collection":[{"href":"http:\/\/sinapsislapampa.com\/index.php\/wp-json\/wp\/v2\/pages"}],"about":[{"href":"http:\/\/sinapsislapampa.com\/index.php\/wp-json\/wp\/v2\/types\/page"}],"author":[{"embeddable":true,"href":"http:\/\/sinapsislapampa.com\/index.php\/wp-json\/wp\/v2\/users\/1"}],"replies":[{"embeddable":true,"href":"http:\/\/sinapsislapampa.com\/index.php\/wp-json\/wp\/v2\/comments?post=87"}],"version-history":[{"count":17,"href":"http:\/\/sinapsislapampa.com\/index.php\/wp-json\/wp\/v2\/pages\/87\/revisions"}],"predecessor-version":[{"id":309,"href":"http:\/\/sinapsislapampa.com\/index.php\/wp-json\/wp\/v2\/pages\/87\/revisions\/309"}],"up":[{"embeddable":true,"href":"http:\/\/sinapsislapampa.com\/index.php\/wp-json\/wp\/v2\/pages\/46"}],"wp:featuredmedia":[{"embeddable":true,"href":"http:\/\/sinapsislapampa.com\/index.php\/wp-json\/wp\/v2\/media\/99"}],"wp:attachment":[{"href":"http:\/\/sinapsislapampa.com\/index.php\/wp-json\/wp\/v2\/media?parent=87"}],"curies":[{"name":"wp","href":"https:\/\/api.w.org\/{rel}","templated":true}]}}